{"id":595,"date":"2023-11-28T04:38:42","date_gmt":"2023-11-28T14:38:42","guid":{"rendered":"https:\/\/heitakiborarentalcars.com\/index.php\/liste-des-vehicules\/"},"modified":"2023-11-28T04:52:26","modified_gmt":"2023-11-28T14:52:26","slug":"liste-des-vehicules","status":"publish","type":"page","link":"https:\/\/heitakiborarentalcars.com\/index.php\/liste-des-vehicules\/","title":{"rendered":"Liste des v\u00e9hicules"},"content":{"rendered":"\t\t<div data-elementor-type=\"wp-page\" data-elementor-id=\"595\" class=\"elementor elementor-595\" data-elementor-post-type=\"page\">\n\t\t\t\t<div class=\"elementor-element elementor-element-79fefaa6 e-flex e-con-boxed e-con e-parent\" data-id=\"79fefaa6\" data-element_type=\"container\" data-e-type=\"container\">\n\t\t\t\t\t<div class=\"e-con-inner\">\n\t\t\t\t<div class=\"elementor-element elementor-element-63354ea7 elementor-widget elementor-widget-shortcode\" data-id=\"63354ea7\" data-element_type=\"widget\" data-e-type=\"widget\" data-widget_type=\"shortcode.default\">\n\t\t\t\t<div class=\"elementor-widget-container\">\n\t\t\t\t\t\t\t<div class=\"elementor-shortcode\">\n<div class=\"wrap plugin-container\">\n\n\t\n\t\n\t<h3 class=\"vrc-main-title\">Heitaki Bora Rental Cars<\/h3><div class=\"vrc-search-results-block vrc-search-results-block-list\">\r\n\r\n\t<div class=\"car_result\">\r\n\t\t<div class=\"vrc-car-result-left\">\r\n\t\t\t\t\t<img decoding=\"async\" class=\"imgresult\" alt=\"Hyundai \u2013 i10 boite automatique\" src=\"https:\/\/heitakiborarentalcars.com\/wp-content\/plugins\/vikrentcar\/admin\/resources\/vthumb_reservez_2.png\"\/>\r\n\t\t\t\t\t<\/div>\r\n\t\t<div class=\"vrc-car-result-right\">\r\n\t\t\t<div class=\"vrc-car-result-rightinner\">\r\n\t\t\t\t<div class=\"vrc-car-result-rightinner-deep\">\r\n\t\t\t\t\t<div class=\"vrc-car-result-inner\">\r\n\t\t\t\t\t\t<h4 class=\"vrc-car-name\">\r\n\t\t\t\t\t\t\t<a href=\"https:\/\/heitakiborarentalcars.com\/index.php\/liste-des-vehicules\/?option=com_vikrentcar&amp;view=cardetails&amp;carid=2\">Hyundai \u2013 i10 boite automatique<\/a>\r\n\t\t\t\t\t\t<\/h4>\r\n\t\t\t\t\t\t\t\t\t\t\t<div class=\"vrc-car-result-description\">\r\n\t\t\t\t\t\tCompacte, \u00e9conomique et tr\u00e8s maniable, la Hyundai i10 est la voiture id\u00e9ale pour circuler facilement et confortablement \u00e0 Bora Bora.\r\n\t\t\t\t\t\t<\/div>\r\n\t\t\t\t\t\t\t\t\t\t\t<\/div>\r\n\t\t\t\t\t<div class=\"vrc-car-lastblock\">\r\n\t\t\t\t\t\t<div class=\"vrc-car-price\">\r\n\t\t\t\t\t\t\t<div class=\"vrcsrowpricediv\">\r\n\t\t\t\t\t\t\t\t\t\t\t\t\t\t\t<span class=\"vrcstartfrom\">\u00c0 partir de<\/span>\r\n\t\t\t\t\t\t\t\t<span class=\"car_cost\"><span class=\"vrc_currency\">\u20ac<\/span> <span class=\"vrc_price\">75<\/span><\/span>\r\n\t\t\t\t\t\t\t\t\t\t\t\t\t\t<\/div>\r\n\t\t\t\t\t\t<\/div>\r\n\t\t\t\t\t\t<div class=\"vrc-car-bookingbtn\">\r\n\t\t\t\t\t\t\t<span class=\"vrclistgoon\"><a class=\"btn vrc-pref-color-btn\" href=\"https:\/\/heitakiborarentalcars.com\/index.php\/liste-des-vehicules\/?option=com_vikrentcar&amp;view=cardetails&amp;carid=2\">Voir les d\u00e9tails<\/a><\/span>\r\n\t\t\t\t\t\t<\/div>\r\n\t\t\t\t\t<\/div>\r\n\t\t\t\t<\/div>\r\n\t\t\t<\/div>\r\n\t\t<\/div>\r\n\t<\/div>\r\n\t\t<div class=\"car_result\">\r\n\t\t<div class=\"vrc-car-result-left\">\r\n\t\t\t\t\t<img decoding=\"async\" class=\"imgresult\" alt=\"Suzuki - Swift boite automatique\" src=\"https:\/\/heitakiborarentalcars.com\/wp-content\/plugins\/vikrentcar\/admin\/resources\/vthumb_reservez_1.png\"\/>\r\n\t\t\t\t\t<\/div>\r\n\t\t<div class=\"vrc-car-result-right\">\r\n\t\t\t<div class=\"vrc-car-result-rightinner\">\r\n\t\t\t\t<div class=\"vrc-car-result-rightinner-deep\">\r\n\t\t\t\t\t<div class=\"vrc-car-result-inner\">\r\n\t\t\t\t\t\t<h4 class=\"vrc-car-name\">\r\n\t\t\t\t\t\t\t<a href=\"https:\/\/heitakiborarentalcars.com\/index.php\/liste-des-vehicules\/?option=com_vikrentcar&amp;view=cardetails&amp;carid=3\">Suzuki - Swift boite automatique<\/a>\r\n\t\t\t\t\t\t<\/h4>\r\n\t\t\t\t\t\t\t\t\t\t\t<div class=\"vrc-car-result-description\">\r\n\t\t\t\t\t\tEl\u00e9gante, dynamique et agr\u00e9able \u00e0 conduire, la Suzuki Swift est parfaite pour explorer Bora Bora avec style, confort et r\u00e9activit\u00e9.\r\n\t\t\t\t\t\t<\/div>\r\n\t\t\t\t\t\t\t\t\t\t\t<\/div>\r\n\t\t\t\t\t<div class=\"vrc-car-lastblock\">\r\n\t\t\t\t\t\t<div class=\"vrc-car-price\">\r\n\t\t\t\t\t\t\t<div class=\"vrcsrowpricediv\">\r\n\t\t\t\t\t\t\t\t\t\t\t\t\t\t\t<span class=\"vrcstartfrom\">\u00c0 partir de<\/span>\r\n\t\t\t\t\t\t\t\t<span class=\"car_cost\"><span class=\"vrc_currency\">\u20ac<\/span> <span class=\"vrc_price\">80<\/span><\/span>\r\n\t\t\t\t\t\t\t\t\t\t\t\t\t\t<\/div>\r\n\t\t\t\t\t\t<\/div>\r\n\t\t\t\t\t\t<div class=\"vrc-car-bookingbtn\">\r\n\t\t\t\t\t\t\t<span class=\"vrclistgoon\"><a class=\"btn vrc-pref-color-btn\" href=\"https:\/\/heitakiborarentalcars.com\/index.php\/liste-des-vehicules\/?option=com_vikrentcar&amp;view=cardetails&amp;carid=3\">Voir les d\u00e9tails<\/a><\/span>\r\n\t\t\t\t\t\t<\/div>\r\n\t\t\t\t\t<\/div>\r\n\t\t\t\t<\/div>\r\n\t\t\t<\/div>\r\n\t\t<\/div>\r\n\t<\/div>\r\n\t\t<div class=\"car_result\">\r\n\t\t<div class=\"vrc-car-result-left\">\r\n\t\t\t\t\t<img decoding=\"async\" class=\"imgresult\" alt=\"BAOJUN YEP\" src=\"https:\/\/heitakiborarentalcars.com\/wp-content\/plugins\/vikrentcar\/admin\/resources\/untitled-1.png\"\/>\r\n\t\t\t\t\t<\/div>\r\n\t\t<div class=\"vrc-car-result-right\">\r\n\t\t\t<div class=\"vrc-car-result-rightinner\">\r\n\t\t\t\t<div class=\"vrc-car-result-rightinner-deep\">\r\n\t\t\t\t\t<div class=\"vrc-car-result-inner\">\r\n\t\t\t\t\t\t<h4 class=\"vrc-car-name\">\r\n\t\t\t\t\t\t\t<a href=\"https:\/\/heitakiborarentalcars.com\/index.php\/liste-des-vehicules\/?option=com_vikrentcar&amp;view=cardetails&amp;carid=4\">BAOJUN YEP<\/a>\r\n\t\t\t\t\t\t<\/h4>\r\n\t\t\t\t\t\t\t\t\t\t\t<div class=\"vrc-car-result-description\">\r\n\t\t\t\t\t\tLa Baojun Yep est la solution id\u00e9ale pour vos locations courte dur\u00e9e 24H ou 48H.\r\nAucune recharge \u00e0 pr\u00e9voir au retour : z\u00e9ro contrainte, z\u00e9ro stress.\r\nEconomique : pas de carburant \u00e0 payer, vous faites des \u00e9conomies.\r\nSimple et pratique : vous louez, vous roulez, vous profitez.\t\t\t\t\t\t<\/div>\r\n\t\t\t\t\t\t\t\t\t\t\t<\/div>\r\n\t\t\t\t\t<div class=\"vrc-car-lastblock\">\r\n\t\t\t\t\t\t<div class=\"vrc-car-price\">\r\n\t\t\t\t\t\t\t<div class=\"vrcsrowpricediv\">\r\n\t\t\t\t\t\t\t\t\t\t\t\t\t\t\t<span class=\"vrcstartfrom\">\u00c0 partir de<\/span>\r\n\t\t\t\t\t\t\t\t<span class=\"car_cost\"><span class=\"vrc_currency\">\u20ac<\/span> <span class=\"vrc_price\">88<\/span><\/span>\r\n\t\t\t\t\t\t\t\t\t\t\t\t\t\t<\/div>\r\n\t\t\t\t\t\t<\/div>\r\n\t\t\t\t\t\t<div class=\"vrc-car-bookingbtn\">\r\n\t\t\t\t\t\t\t<span class=\"vrclistgoon\"><a class=\"btn vrc-pref-color-btn\" href=\"https:\/\/heitakiborarentalcars.com\/index.php\/liste-des-vehicules\/?option=com_vikrentcar&amp;view=cardetails&amp;carid=4\">Voir les d\u00e9tails<\/a><\/span>\r\n\t\t\t\t\t\t<\/div>\r\n\t\t\t\t\t<\/div>\r\n\t\t\t\t<\/div>\r\n\t\t\t<\/div>\r\n\t\t<\/div>\r\n\t<\/div>\r\n\t<\/div>\r\n\r\n<script type=\"text\/javascript\">\r\njQuery(function() {\r\n\tif (jQuery('.car_result').length) {\r\n\t\tjQuery('.car_result').each(function() {\r\n\t\t\tvar car_img = jQuery(this).find('.vrc-car-result-left').find('img');\r\n\t\t\tif (car_img.length) {\r\n\t\t\t\tjQuery(this).find('.vrc-car-result-right').find('.vrc-car-result-rightinner').find('.vrc-car-result-rightinner-deep').find('.vrc-car-result-inner').css('min-height', car_img.height()+'px');\r\n\t\t\t}\r\n\t\t});\r\n\t};\r\n});\r\n<\/script>\r\n\n<\/div>\n<\/div>\n\t\t\t\t\t\t<\/div>\n\t\t\t\t<\/div>\n\t\t\t\t\t<\/div>\n\t\t\t\t<\/div>\n\t\t\t\t<\/div>\n\t\t","protected":false},"excerpt":{"rendered":"","protected":false},"author":1,"featured_media":0,"parent":0,"menu_order":0,"comment_status":"closed","ping_status":"closed","template":"","meta":{"footnotes":""},"class_list":["post-595","page","type-page","status-publish","hentry"],"yoast_head":"<!-- This site is optimized with the Yoast SEO plugin v27.4 - https:\/\/yoast.com\/product\/yoast-seo-wordpress\/ -->\n<title>Liste des v\u00e9hicules - Heitaki Bora Rental Cars<\/title>\n<meta name=\"robots\" content=\"index, follow, max-snippet:-1, max-image-preview:large, max-video-preview:-1\" \/>\n<link rel=\"canonical\" href=\"https:\/\/heitakiborarentalcars.com\/index.php\/liste-des-vehicules\/\" \/>\n<meta property=\"og:locale\" content=\"fr_FR\" \/>\n<meta property=\"og:type\" content=\"article\" \/>\n<meta property=\"og:title\" content=\"Liste des v\u00e9hicules - Heitaki Bora Rental Cars\" \/>\n<meta property=\"og:url\" content=\"https:\/\/heitakiborarentalcars.com\/index.php\/liste-des-vehicules\/\" \/>\n<meta property=\"og:site_name\" content=\"Heitaki Bora Rental Cars\" \/>\n<meta property=\"article:modified_time\" content=\"2023-11-28T14:52:26+00:00\" \/>\n<meta name=\"twitter:card\" content=\"summary_large_image\" \/>\n<meta name=\"twitter:label1\" content=\"Dur\u00e9e de lecture estim\u00e9e\" \/>\n\t<meta name=\"twitter:data1\" content=\"1 minute\" \/>\n<script type=\"application\/ld+json\" class=\"yoast-schema-graph\">{\"@context\":\"https:\\\/\\\/schema.org\",\"@graph\":[{\"@type\":\"WebPage\",\"@id\":\"https:\\\/\\\/heitakiborarentalcars.com\\\/index.php\\\/liste-des-vehicules\\\/\",\"url\":\"https:\\\/\\\/heitakiborarentalcars.com\\\/index.php\\\/liste-des-vehicules\\\/\",\"name\":\"Liste des v\u00e9hicules - Heitaki Bora Rental Cars\",\"isPartOf\":{\"@id\":\"https:\\\/\\\/heitakiborarentalcars.com\\\/#website\"},\"datePublished\":\"2023-11-28T14:38:42+00:00\",\"dateModified\":\"2023-11-28T14:52:26+00:00\",\"breadcrumb\":{\"@id\":\"https:\\\/\\\/heitakiborarentalcars.com\\\/index.php\\\/liste-des-vehicules\\\/#breadcrumb\"},\"inLanguage\":\"fr-FR\",\"potentialAction\":[{\"@type\":\"ReadAction\",\"target\":[\"https:\\\/\\\/heitakiborarentalcars.com\\\/index.php\\\/liste-des-vehicules\\\/\"]}]},{\"@type\":\"BreadcrumbList\",\"@id\":\"https:\\\/\\\/heitakiborarentalcars.com\\\/index.php\\\/liste-des-vehicules\\\/#breadcrumb\",\"itemListElement\":[{\"@type\":\"ListItem\",\"position\":1,\"name\":\"Accueil\",\"item\":\"https:\\\/\\\/heitakiborarentalcars.com\\\/\"},{\"@type\":\"ListItem\",\"position\":2,\"name\":\"Liste des v\u00e9hicules\"}]},{\"@type\":\"WebSite\",\"@id\":\"https:\\\/\\\/heitakiborarentalcars.com\\\/#website\",\"url\":\"https:\\\/\\\/heitakiborarentalcars.com\\\/\",\"name\":\"Heitaki Bora Rental Cars\",\"description\":\"Rent a car - Bora Bora\",\"publisher\":{\"@id\":\"https:\\\/\\\/heitakiborarentalcars.com\\\/#organization\"},\"potentialAction\":[{\"@type\":\"SearchAction\",\"target\":{\"@type\":\"EntryPoint\",\"urlTemplate\":\"https:\\\/\\\/heitakiborarentalcars.com\\\/?s={search_term_string}\"},\"query-input\":{\"@type\":\"PropertyValueSpecification\",\"valueRequired\":true,\"valueName\":\"search_term_string\"}}],\"inLanguage\":\"fr-FR\"},{\"@type\":\"Organization\",\"@id\":\"https:\\\/\\\/heitakiborarentalcars.com\\\/#organization\",\"name\":\"Heitaki Bora Rental Cars\",\"url\":\"https:\\\/\\\/heitakiborarentalcars.com\\\/\",\"logo\":{\"@type\":\"ImageObject\",\"inLanguage\":\"fr-FR\",\"@id\":\"https:\\\/\\\/heitakiborarentalcars.com\\\/#\\\/schema\\\/logo\\\/image\\\/\",\"url\":\"https:\\\/\\\/heitakiborarentalcars.com\\\/wp-content\\\/uploads\\\/2024\\\/02\\\/C.png\",\"contentUrl\":\"https:\\\/\\\/heitakiborarentalcars.com\\\/wp-content\\\/uploads\\\/2024\\\/02\\\/C.png\",\"width\":500,\"height\":500,\"caption\":\"Heitaki Bora Rental Cars\"},\"image\":{\"@id\":\"https:\\\/\\\/heitakiborarentalcars.com\\\/#\\\/schema\\\/logo\\\/image\\\/\"}}]}<\/script>\n<!-- \/ Yoast SEO plugin. -->","yoast_head_json":{"title":"Liste des v\u00e9hicules - Heitaki Bora Rental Cars","robots":{"index":"index","follow":"follow","max-snippet":"max-snippet:-1","max-image-preview":"max-image-preview:large","max-video-preview":"max-video-preview:-1"},"canonical":"https:\/\/heitakiborarentalcars.com\/index.php\/liste-des-vehicules\/","og_locale":"fr_FR","og_type":"article","og_title":"Liste des v\u00e9hicules - Heitaki Bora Rental Cars","og_url":"https:\/\/heitakiborarentalcars.com\/index.php\/liste-des-vehicules\/","og_site_name":"Heitaki Bora Rental Cars","article_modified_time":"2023-11-28T14:52:26+00:00","twitter_card":"summary_large_image","twitter_misc":{"Dur\u00e9e de lecture estim\u00e9e":"1 minute"},"schema":{"@context":"https:\/\/schema.org","@graph":[{"@type":"WebPage","@id":"https:\/\/heitakiborarentalcars.com\/index.php\/liste-des-vehicules\/","url":"https:\/\/heitakiborarentalcars.com\/index.php\/liste-des-vehicules\/","name":"Liste des v\u00e9hicules - Heitaki Bora Rental Cars","isPartOf":{"@id":"https:\/\/heitakiborarentalcars.com\/#website"},"datePublished":"2023-11-28T14:38:42+00:00","dateModified":"2023-11-28T14:52:26+00:00","breadcrumb":{"@id":"https:\/\/heitakiborarentalcars.com\/index.php\/liste-des-vehicules\/#breadcrumb"},"inLanguage":"fr-FR","potentialAction":[{"@type":"ReadAction","target":["https:\/\/heitakiborarentalcars.com\/index.php\/liste-des-vehicules\/"]}]},{"@type":"BreadcrumbList","@id":"https:\/\/heitakiborarentalcars.com\/index.php\/liste-des-vehicules\/#breadcrumb","itemListElement":[{"@type":"ListItem","position":1,"name":"Accueil","item":"https:\/\/heitakiborarentalcars.com\/"},{"@type":"ListItem","position":2,"name":"Liste des v\u00e9hicules"}]},{"@type":"WebSite","@id":"https:\/\/heitakiborarentalcars.com\/#website","url":"https:\/\/heitakiborarentalcars.com\/","name":"Heitaki Bora Rental Cars","description":"Rent a car - Bora Bora","publisher":{"@id":"https:\/\/heitakiborarentalcars.com\/#organization"},"potentialAction":[{"@type":"SearchAction","target":{"@type":"EntryPoint","urlTemplate":"https:\/\/heitakiborarentalcars.com\/?s={search_term_string}"},"query-input":{"@type":"PropertyValueSpecification","valueRequired":true,"valueName":"search_term_string"}}],"inLanguage":"fr-FR"},{"@type":"Organization","@id":"https:\/\/heitakiborarentalcars.com\/#organization","name":"Heitaki Bora Rental Cars","url":"https:\/\/heitakiborarentalcars.com\/","logo":{"@type":"ImageObject","inLanguage":"fr-FR","@id":"https:\/\/heitakiborarentalcars.com\/#\/schema\/logo\/image\/","url":"https:\/\/heitakiborarentalcars.com\/wp-content\/uploads\/2024\/02\/C.png","contentUrl":"https:\/\/heitakiborarentalcars.com\/wp-content\/uploads\/2024\/02\/C.png","width":500,"height":500,"caption":"Heitaki Bora Rental Cars"},"image":{"@id":"https:\/\/heitakiborarentalcars.com\/#\/schema\/logo\/image\/"}}]}},"jetpack_sharing_enabled":true,"_links":{"self":[{"href":"https:\/\/heitakiborarentalcars.com\/index.php\/wp-json\/wp\/v2\/pages\/595","targetHints":{"allow":["GET"]}}],"collection":[{"href":"https:\/\/heitakiborarentalcars.com\/index.php\/wp-json\/wp\/v2\/pages"}],"about":[{"href":"https:\/\/heitakiborarentalcars.com\/index.php\/wp-json\/wp\/v2\/types\/page"}],"author":[{"embeddable":true,"href":"https:\/\/heitakiborarentalcars.com\/index.php\/wp-json\/wp\/v2\/users\/1"}],"replies":[{"embeddable":true,"href":"https:\/\/heitakiborarentalcars.com\/index.php\/wp-json\/wp\/v2\/comments?post=595"}],"version-history":[{"count":4,"href":"https:\/\/heitakiborarentalcars.com\/index.php\/wp-json\/wp\/v2\/pages\/595\/revisions"}],"predecessor-version":[{"id":770,"href":"https:\/\/heitakiborarentalcars.com\/index.php\/wp-json\/wp\/v2\/pages\/595\/revisions\/770"}],"wp:attachment":[{"href":"https:\/\/heitakiborarentalcars.com\/index.php\/wp-json\/wp\/v2\/media?parent=595"}],"curies":[{"name":"wp","href":"https:\/\/api.w.org\/{rel}","templated":true}]}}